




{"id":40,"date":"2024-12-23T23:31:36","date_gmt":"2024-12-23T22:31:36","guid":{"rendered":"http:\/\/192.168.1.30\/?page_id=40"},"modified":"2025-02-07T13:56:00","modified_gmt":"2025-02-07T12:56:00","slug":"contacto","status":"publish","type":"page","link":"https:\/\/euribor365.es\/index.php\/contacto\/","title":{"rendered":"Contacto"},"content":{"rendered":"\n<p><\/p>\n\n\n\n<p><\/p>\n\n\n\n<p><strong>P\u00c1GINA DE CONTACTO<\/strong><\/p>\n\n\n\n<p>Si necesitas ponerte en contacto con nosotros, puedes hacerlo a trav\u00e9s del siguiente correo electr\u00f3nico:<\/p>\n\n\n\n<p>\ud83d\udce7 <strong>Email:<\/strong> <a>contacto@euribor365.es<\/a><\/p>\n\n\n\n<p>Intentamos responder todas las consultas en un plazo m\u00e1ximo de <strong>48 horas<\/strong>.<\/p>\n","protected":false},"excerpt":{"rendered":"<p>P\u00c1GINA DE CONTACTO Si necesitas ponerte en contacto con nosotros, puedes hacerlo a trav\u00e9s del siguiente correo electr\u00f3nico: \ud83d\udce7 Email: contacto@euribor365.es Intentamos responder todas las consultas en un plazo m\u00e1ximo de 48 horas.<\/p>\n","protected":false},"author":1,"featured_media":0,"parent":0,"menu_order":0,"comment_status":"closed","ping_status":"closed","template":"","meta":{"footnotes":""},"class_list":["post-40","page","type-page","status-publish"],"_links":{"self":[{"href":"https:\/\/euribor365.es\/index.php\/wp-json\/wp\/v2\/pages\/40","targetHints":{"allow":["GET"]}}],"collection":[{"href":"https:\/\/euribor365.es\/index.php\/wp-json\/wp\/v2\/pages"}],"about":[{"href":"https:\/\/euribor365.es\/index.php\/wp-json\/wp\/v2\/types\/page"}],"author":[{"embeddable":true,"href":"https:\/\/euribor365.es\/index.php\/wp-json\/wp\/v2\/users\/1"}],"replies":[{"embeddable":true,"href":"https:\/\/euribor365.es\/index.php\/wp-json\/wp\/v2\/comments?post=40"}],"version-history":[{"count":4,"href":"https:\/\/euribor365.es\/index.php\/wp-json\/wp\/v2\/pages\/40\/revisions"}],"predecessor-version":[{"id":2555,"href":"https:\/\/euribor365.es\/index.php\/wp-json\/wp\/v2\/pages\/40\/revisions\/2555"}],"wp:attachment":[{"href":"https:\/\/euribor365.es\/index.php\/wp-json\/wp\/v2\/media?parent=40"}],"curies":[{"name":"wp","href":"https:\/\/api.w.org\/{rel}","templated":true}]}}